{"id":275,"date":"2023-10-09T17:47:56","date_gmt":"2023-10-09T17:47:56","guid":{"rendered":"https:\/\/hannanieminen.fi\/?page_id=275"},"modified":"2024-06-21T21:41:01","modified_gmt":"2024-06-21T21:41:01","slug":"flowers","status":"publish","type":"page","link":"https:\/\/hannanieminen.fi\/index.php\/flowers\/","title":{"rendered":"Flowers"},"content":{"rendered":"\t\t<div data-elementor-type=\"wp-page\" data-elementor-id=\"275\" class=\"elementor elementor-275\">\n\t\t\t\t<div class=\"elementor-element elementor-element-033b5f2 e-flex e-con-boxed e-con e-parent\" data-id=\"033b5f2\" data-element_type=\"container\">\n\t\t\t\t\t<div class=\"e-con-inner\">\n\t\t\t\t<div class=\"elementor-element elementor-element-82ce6b6 gallery-spacing-custom elementor-widget elementor-widget-image-gallery\" data-id=\"82ce6b6\" data-element_type=\"widget\" data-widget_type=\"image-gallery.default\">\n\t\t\t\t<div class=\"elementor-widget-container\">\n\t\t\t\t\t<div class=\"elementor-image-gallery\">\n\t\t\t<div data-carousel-extra='{\"blog_id\":1,\"permalink\":\"https:\\\/\\\/hannanieminen.fi\\\/index.php\\\/flowers\\\/\"}' id='gallery-1' class='gallery galleryid-275 gallery-columns-4 gallery-size-thumbnail'><figure class='gallery-item'>\n\t\t\t<div class='gallery-icon landscape'>\n\t\t\t\t<a data-elementor-open-lightbox=\"yes\" data-elementor-lightbox-slideshow=\"82ce6b6\" data-elementor-lightbox-title=\"Hyvyytesi ja rakkautesi ymp\u00e4r\u00f6i minut 62x92cm \u00f6ljy pellavalle\" data-e-action-hash=\"#elementor-action%3Aaction%3Dlightbox%26settings%3DeyJpZCI6NTIwLCJ1cmwiOiJodHRwczpcL1wvaGFubmFuaWVtaW5lbi5maVwvd3AtY29udGVudFwvdXBsb2Fkc1wvMjAyNFwvMDZcL0h5dnl5dGVzaS1qYS1yYWtrYXV0ZXNpLXltcGFyb2ktbWludXQtNjJ4OTJjbS1vbGp5LXBlbGxhdmFsbGUtc2NhbGVkLmpwZyIsInNsaWRlc2hvdyI6IjgyY2U2YjYifQ%3D%3D\" href='https:\/\/hannanieminen.fi\/wp-content\/uploads\/2024\/06\/Hyvyytesi-ja-rakkautesi-ymparoi-minut-62x92cm-oljy-pellavalle-scaled.jpg'><img decoding=\"async\" data-attachment-id=\"520\" data-orig-file=\"https:\/\/hannanieminen.fi\/wp-content\/uploads\/2024\/06\/Hyvyytesi-ja-rakkautesi-ymparoi-minut-62x92cm-oljy-pellavalle-scaled.jpg\" data-orig-size=\"2560,1716\" data-comments-opened=\"1\" data-image-meta=\"{&quot;aperture&quot;:&quot;0&quot;,&quot;credit&quot;:&quot;&quot;,&quot;camera&quot;:&quot;&quot;,&quot;caption&quot;:&quot;&quot;,&quot;created_timestamp&quot;:&quot;0&quot;,&quot;copyright&quot;:&quot;&quot;,&quot;focal_length&quot;:&quot;0&quot;,&quot;iso&quot;:&quot;0&quot;,&quot;shutter_speed&quot;:&quot;0&quot;,&quot;title&quot;:&quot;&quot;,&quot;orientation&quot;:&quot;0&quot;}\" data-image-title=\"Hyvyytesi ja rakkautesi ymp\u00e4r\u00f6i minut 62x92cm \u00f6ljy pellavalle\" data-image-description=\"\" data-medium-file=\"https:\/\/hannanieminen.fi\/wp-content\/uploads\/2024\/06\/Hyvyytesi-ja-rakkautesi-ymparoi-minut-62x92cm-oljy-pellavalle-300x201.jpg\" data-large-file=\"https:\/\/hannanieminen.fi\/wp-content\/uploads\/2024\/06\/Hyvyytesi-ja-rakkautesi-ymparoi-minut-62x92cm-oljy-pellavalle-1024x686.jpg\" title=\"Hyvyytesi ja rakkautesi ymp\u00e4r\u00f6i minut 62x92cm \u00f6ljy pellavalle\" width=\"150\" height=\"150\" src=\"https:\/\/hannanieminen.fi\/wp-content\/uploads\/2024\/06\/Hyvyytesi-ja-rakkautesi-ymparoi-minut-62x92cm-oljy-pellavalle-150x150.jpg\" class=\"attachment-thumbnail size-thumbnail\" alt=\"\" srcset=\"https:\/\/hannanieminen.fi\/wp-content\/uploads\/2024\/06\/Hyvyytesi-ja-rakkautesi-ymparoi-minut-62x92cm-oljy-pellavalle-150x150.jpg 150w, https:\/\/hannanieminen.fi\/wp-content\/uploads\/2024\/06\/Hyvyytesi-ja-rakkautesi-ymparoi-minut-62x92cm-oljy-pellavalle-600x600.jpg 600w\" sizes=\"(max-width: 150px) 100vw, 150px\" \/><\/a>\n\t\t\t<\/div><\/figure><figure class='gallery-item'>\n\t\t\t<div class='gallery-icon landscape'>\n\t\t\t\t<a data-elementor-open-lightbox=\"yes\" data-elementor-lightbox-slideshow=\"82ce6b6\" data-elementor-lightbox-title=\"Rakkaus kuin tulen hehku 80x80cm \u00f6ljy pellavalle\" data-e-action-hash=\"#elementor-action%3Aaction%3Dlightbox%26settings%3DeyJpZCI6NTIxLCJ1cmwiOiJodHRwczpcL1wvaGFubmFuaWVtaW5lbi5maVwvd3AtY29udGVudFwvdXBsb2Fkc1wvMjAyNFwvMDZcL1Jha2thdXMta3Vpbi10dWxlbi1oZWhrdS04MHg4MGNtLW9sanktcGVsbGF2YWxsZS1zY2FsZWQuanBnIiwic2xpZGVzaG93IjoiODJjZTZiNiJ9\" href='https:\/\/hannanieminen.fi\/wp-content\/uploads\/2024\/06\/Rakkaus-kuin-tulen-hehku-80x80cm-oljy-pellavalle-scaled.jpg'><img decoding=\"async\" data-attachment-id=\"521\" data-orig-file=\"https:\/\/hannanieminen.fi\/wp-content\/uploads\/2024\/06\/Rakkaus-kuin-tulen-hehku-80x80cm-oljy-pellavalle-scaled.jpg\" data-orig-size=\"2560,2546\" data-comments-opened=\"1\" data-image-meta=\"{&quot;aperture&quot;:&quot;0&quot;,&quot;credit&quot;:&quot;&quot;,&quot;camera&quot;:&quot;&quot;,&quot;caption&quot;:&quot;&quot;,&quot;created_timestamp&quot;:&quot;0&quot;,&quot;copyright&quot;:&quot;&quot;,&quot;focal_length&quot;:&quot;0&quot;,&quot;iso&quot;:&quot;0&quot;,&quot;shutter_speed&quot;:&quot;0&quot;,&quot;title&quot;:&quot;&quot;,&quot;orientation&quot;:&quot;0&quot;}\" data-image-title=\"Rakkaus kuin tulen hehku 80x80cm \u00f6ljy pellavalle\" data-image-description=\"\" data-medium-file=\"https:\/\/hannanieminen.fi\/wp-content\/uploads\/2024\/06\/Rakkaus-kuin-tulen-hehku-80x80cm-oljy-pellavalle-300x298.jpg\" data-large-file=\"https:\/\/hannanieminen.fi\/wp-content\/uploads\/2024\/06\/Rakkaus-kuin-tulen-hehku-80x80cm-oljy-pellavalle-1024x1019.jpg\" title=\"Rakkaus kuin tulen hehku 80x80cm \u00f6ljy pellavalle\" width=\"150\" height=\"150\" src=\"https:\/\/hannanieminen.fi\/wp-content\/uploads\/2024\/06\/Rakkaus-kuin-tulen-hehku-80x80cm-oljy-pellavalle-150x150.jpg\" class=\"attachment-thumbnail size-thumbnail\" alt=\"\" srcset=\"https:\/\/hannanieminen.fi\/wp-content\/uploads\/2024\/06\/Rakkaus-kuin-tulen-hehku-80x80cm-oljy-pellavalle-150x150.jpg 150w, https:\/\/hannanieminen.fi\/wp-content\/uploads\/2024\/06\/Rakkaus-kuin-tulen-hehku-80x80cm-oljy-pellavalle-300x298.jpg 300w, https:\/\/hannanieminen.fi\/wp-content\/uploads\/2024\/06\/Rakkaus-kuin-tulen-hehku-80x80cm-oljy-pellavalle-1024x1019.jpg 1024w, https:\/\/hannanieminen.fi\/wp-content\/uploads\/2024\/06\/Rakkaus-kuin-tulen-hehku-80x80cm-oljy-pellavalle-768x764.jpg 768w, https:\/\/hannanieminen.fi\/wp-content\/uploads\/2024\/06\/Rakkaus-kuin-tulen-hehku-80x80cm-oljy-pellavalle-1536x1528.jpg 1536w, https:\/\/hannanieminen.fi\/wp-content\/uploads\/2024\/06\/Rakkaus-kuin-tulen-hehku-80x80cm-oljy-pellavalle-2048x2037.jpg 2048w, https:\/\/hannanieminen.fi\/wp-content\/uploads\/2024\/06\/Rakkaus-kuin-tulen-hehku-80x80cm-oljy-pellavalle-600x600.jpg 600w\" sizes=\"(max-width: 150px) 100vw, 150px\" \/><\/a>\n\t\t\t<\/div><\/figure><figure class='gallery-item'>\n\t\t\t<div class='gallery-icon landscape'>\n\t\t\t\t<a data-elementor-open-lightbox=\"yes\" data-elementor-lightbox-slideshow=\"82ce6b6\" data-elementor-lightbox-title=\"20240223_161546-03\" data-e-action-hash=\"#elementor-action%3Aaction%3Dlightbox%26settings%3DeyJpZCI6NTA2LCJ1cmwiOiJodHRwczpcL1wvaGFubmFuaWVtaW5lbi5maVwvd3AtY29udGVudFwvdXBsb2Fkc1wvMjAyNFwvMDNcLzIwMjQwMjIzXzE2MTU0Ni0wMy5qcGVnIiwic2xpZGVzaG93IjoiODJjZTZiNiJ9\" href='https:\/\/hannanieminen.fi\/wp-content\/uploads\/2024\/03\/20240223_161546-03.jpeg'><img decoding=\"async\" data-attachment-id=\"506\" data-orig-file=\"https:\/\/hannanieminen.fi\/wp-content\/uploads\/2024\/03\/20240223_161546-03.jpeg\" data-orig-size=\"2430,2429\" data-comments-opened=\"1\" data-image-meta=\"{&quot;aperture&quot;:&quot;1.7&quot;,&quot;credit&quot;:&quot;&quot;,&quot;camera&quot;:&quot;Galaxy S23 Ultra&quot;,&quot;caption&quot;:&quot;&quot;,&quot;created_timestamp&quot;:&quot;1708704946&quot;,&quot;copyright&quot;:&quot;&quot;,&quot;focal_length&quot;:&quot;6.3&quot;,&quot;iso&quot;:&quot;640&quot;,&quot;shutter_speed&quot;:&quot;0.01&quot;,&quot;title&quot;:&quot;&quot;,&quot;orientation&quot;:&quot;1&quot;}\" data-image-title=\"20240223_161546-03\" data-image-description=\"\" data-medium-file=\"https:\/\/hannanieminen.fi\/wp-content\/uploads\/2024\/03\/20240223_161546-03-300x300.jpeg\" data-large-file=\"https:\/\/hannanieminen.fi\/wp-content\/uploads\/2024\/03\/20240223_161546-03-1024x1024.jpeg\" title=\"20240223_161546-03\" width=\"150\" height=\"150\" src=\"https:\/\/hannanieminen.fi\/wp-content\/uploads\/2024\/03\/20240223_161546-03-150x150.jpeg\" class=\"attachment-thumbnail size-thumbnail\" alt=\"\" srcset=\"https:\/\/hannanieminen.fi\/wp-content\/uploads\/2024\/03\/20240223_161546-03-150x150.jpeg 150w, https:\/\/hannanieminen.fi\/wp-content\/uploads\/2024\/03\/20240223_161546-03-300x300.jpeg 300w, https:\/\/hannanieminen.fi\/wp-content\/uploads\/2024\/03\/20240223_161546-03-1024x1024.jpeg 1024w, https:\/\/hannanieminen.fi\/wp-content\/uploads\/2024\/03\/20240223_161546-03-768x768.jpeg 768w, https:\/\/hannanieminen.fi\/wp-content\/uploads\/2024\/03\/20240223_161546-03-1536x1536.jpeg 1536w, https:\/\/hannanieminen.fi\/wp-content\/uploads\/2024\/03\/20240223_161546-03-2048x2048.jpeg 2048w, https:\/\/hannanieminen.fi\/wp-content\/uploads\/2024\/03\/20240223_161546-03-600x600.jpeg 600w\" sizes=\"(max-width: 150px) 100vw, 150px\" \/><\/a>\n\t\t\t<\/div><\/figure><figure class='gallery-item'>\n\t\t\t<div class='gallery-icon landscape'>\n\t\t\t\t<a data-elementor-open-lightbox=\"yes\" data-elementor-lightbox-slideshow=\"82ce6b6\" data-elementor-lightbox-title=\"Fading beauty_2023_\u00f6ljy kankaalle_81x100x2_HannaNieminen\" data-e-action-hash=\"#elementor-action%3Aaction%3Dlightbox%26settings%3DeyJpZCI6NDg3LCJ1cmwiOiJodHRwczpcL1wvaGFubmFuaWVtaW5lbi5maVwvd3AtY29udGVudFwvdXBsb2Fkc1wvMjAyNFwvMDNcL0ZhZGluZy1iZWF1dHlfMjAyM19vbGp5LWthbmthYWxsZV84MXgxMDB4Ml9IYW5uYU5pZW1pbmVuLXNjYWxlZC5qcGVnIiwic2xpZGVzaG93IjoiODJjZTZiNiJ9\" href='https:\/\/hannanieminen.fi\/wp-content\/uploads\/2024\/03\/Fading-beauty_2023_oljy-kankaalle_81x100x2_HannaNieminen-scaled.jpeg'><img loading=\"lazy\" decoding=\"async\" data-attachment-id=\"487\" data-orig-file=\"https:\/\/hannanieminen.fi\/wp-content\/uploads\/2024\/03\/Fading-beauty_2023_oljy-kankaalle_81x100x2_HannaNieminen-scaled.jpeg\" data-orig-size=\"2560,2076\" data-comments-opened=\"1\" data-image-meta=\"{&quot;aperture&quot;:&quot;1.7&quot;,&quot;credit&quot;:&quot;&quot;,&quot;camera&quot;:&quot;Galaxy S23 Ultra&quot;,&quot;caption&quot;:&quot;&quot;,&quot;created_timestamp&quot;:&quot;1696961637&quot;,&quot;copyright&quot;:&quot;&quot;,&quot;focal_length&quot;:&quot;6.3&quot;,&quot;iso&quot;:&quot;800&quot;,&quot;shutter_speed&quot;:&quot;0.04&quot;,&quot;title&quot;:&quot;&quot;,&quot;orientation&quot;:&quot;1&quot;}\" data-image-title=\"Fading beauty_2023_\u00f6ljy kankaalle_81x100x2_HannaNieminen\" data-image-description=\"\" data-medium-file=\"https:\/\/hannanieminen.fi\/wp-content\/uploads\/2024\/03\/Fading-beauty_2023_oljy-kankaalle_81x100x2_HannaNieminen-300x243.jpeg\" data-large-file=\"https:\/\/hannanieminen.fi\/wp-content\/uploads\/2024\/03\/Fading-beauty_2023_oljy-kankaalle_81x100x2_HannaNieminen-1024x831.jpeg\" title=\"Fading beauty_2023_\u00f6ljy kankaalle_81x100x2_HannaNieminen\" width=\"150\" height=\"150\" src=\"https:\/\/hannanieminen.fi\/wp-content\/uploads\/2024\/03\/Fading-beauty_2023_oljy-kankaalle_81x100x2_HannaNieminen-150x150.jpeg\" class=\"attachment-thumbnail size-thumbnail\" alt=\"\" srcset=\"https:\/\/hannanieminen.fi\/wp-content\/uploads\/2024\/03\/Fading-beauty_2023_oljy-kankaalle_81x100x2_HannaNieminen-150x150.jpeg 150w, https:\/\/hannanieminen.fi\/wp-content\/uploads\/2024\/03\/Fading-beauty_2023_oljy-kankaalle_81x100x2_HannaNieminen-600x600.jpeg 600w\" sizes=\"(max-width: 150px) 100vw, 150px\" \/><\/a>\n\t\t\t<\/div><\/figure><figure class='gallery-item'>\n\t\t\t<div class='gallery-icon portrait'>\n\t\t\t\t<a data-elementor-open-lightbox=\"yes\" data-elementor-lightbox-slideshow=\"82ce6b6\" data-elementor-lightbox-title=\"In dreams_2024_\u00f6ljy kankaalle_81x65x2\" data-e-action-hash=\"#elementor-action%3Aaction%3Dlightbox%26settings%3DeyJpZCI6NDg4LCJ1cmwiOiJodHRwczpcL1wvaGFubmFuaWVtaW5lbi5maVwvd3AtY29udGVudFwvdXBsb2Fkc1wvMjAyNFwvMDNcL0luLWRyZWFtc18yMDI0X29sankta2Fua2FhbGxlXzgxeDY1eDItc2NhbGVkLmpwZWciLCJzbGlkZXNob3ciOiI4MmNlNmI2In0%3D\" href='https:\/\/hannanieminen.fi\/wp-content\/uploads\/2024\/03\/In-dreams_2024_oljy-kankaalle_81x65x2-scaled.jpeg'><img loading=\"lazy\" decoding=\"async\" data-attachment-id=\"488\" data-orig-file=\"https:\/\/hannanieminen.fi\/wp-content\/uploads\/2024\/03\/In-dreams_2024_oljy-kankaalle_81x65x2-scaled.jpeg\" data-orig-size=\"2072,2560\" data-comments-opened=\"1\" data-image-meta=\"{&quot;aperture&quot;:&quot;1.7&quot;,&quot;credit&quot;:&quot;&quot;,&quot;camera&quot;:&quot;Galaxy S23 Ultra&quot;,&quot;caption&quot;:&quot;&quot;,&quot;created_timestamp&quot;:&quot;1706782660&quot;,&quot;copyright&quot;:&quot;&quot;,&quot;focal_length&quot;:&quot;6.3&quot;,&quot;iso&quot;:&quot;640&quot;,&quot;shutter_speed&quot;:&quot;0.01&quot;,&quot;title&quot;:&quot;&quot;,&quot;orientation&quot;:&quot;1&quot;}\" data-image-title=\"In dreams_2024_\u00f6ljy kankaalle_81x65x2\" data-image-description=\"\" data-medium-file=\"https:\/\/hannanieminen.fi\/wp-content\/uploads\/2024\/03\/In-dreams_2024_oljy-kankaalle_81x65x2-243x300.jpeg\" data-large-file=\"https:\/\/hannanieminen.fi\/wp-content\/uploads\/2024\/03\/In-dreams_2024_oljy-kankaalle_81x65x2-829x1024.jpeg\" title=\"In dreams_2024_\u00f6ljy kankaalle_81x65x2\" width=\"150\" height=\"150\" src=\"https:\/\/hannanieminen.fi\/wp-content\/uploads\/2024\/03\/In-dreams_2024_oljy-kankaalle_81x65x2-150x150.jpeg\" class=\"attachment-thumbnail size-thumbnail\" alt=\"\" srcset=\"https:\/\/hannanieminen.fi\/wp-content\/uploads\/2024\/03\/In-dreams_2024_oljy-kankaalle_81x65x2-150x150.jpeg 150w, https:\/\/hannanieminen.fi\/wp-content\/uploads\/2024\/03\/In-dreams_2024_oljy-kankaalle_81x65x2-600x600.jpeg 600w\" sizes=\"(max-width: 150px) 100vw, 150px\" \/><\/a>\n\t\t\t<\/div><\/figure><figure class='gallery-item'>\n\t\t\t<div class='gallery-icon landscape'>\n\t\t\t\t<a data-elementor-open-lightbox=\"yes\" data-elementor-lightbox-slideshow=\"82ce6b6\" data-elementor-lightbox-title=\"Peonies of Paradise_2024_\u00f6ljy pellavalle_61x91 cm_Hanna Nieminen\" data-e-action-hash=\"#elementor-action%3Aaction%3Dlightbox%26settings%3DeyJpZCI6NDg5LCJ1cmwiOiJodHRwczpcL1wvaGFubmFuaWVtaW5lbi5maVwvd3AtY29udGVudFwvdXBsb2Fkc1wvMjAyNFwvMDNcL1Blb25pZXMtb2YtUGFyYWRpc2VfMjAyNF9vbGp5LXBlbGxhdmFsbGVfNjF4OTEtY21fSGFubmEtTmllbWluZW4uanBlZyIsInNsaWRlc2hvdyI6IjgyY2U2YjYifQ%3D%3D\" href='https:\/\/hannanieminen.fi\/wp-content\/uploads\/2024\/03\/Peonies-of-Paradise_2024_oljy-pellavalle_61x91-cm_Hanna-Nieminen.jpeg'><img loading=\"lazy\" decoding=\"async\" data-attachment-id=\"489\" data-orig-file=\"https:\/\/hannanieminen.fi\/wp-content\/uploads\/2024\/03\/Peonies-of-Paradise_2024_oljy-pellavalle_61x91-cm_Hanna-Nieminen.jpeg\" data-orig-size=\"1008,685\" data-comments-opened=\"1\" data-image-meta=\"{&quot;aperture&quot;:&quot;0&quot;,&quot;credit&quot;:&quot;&quot;,&quot;camera&quot;:&quot;&quot;,&quot;caption&quot;:&quot;&quot;,&quot;created_timestamp&quot;:&quot;0&quot;,&quot;copyright&quot;:&quot;&quot;,&quot;focal_length&quot;:&quot;0&quot;,&quot;iso&quot;:&quot;0&quot;,&quot;shutter_speed&quot;:&quot;0&quot;,&quot;title&quot;:&quot;&quot;,&quot;orientation&quot;:&quot;0&quot;}\" data-image-title=\"Peonies of Paradise_2024_\u00f6ljy pellavalle_61x91 cm_Hanna Nieminen\" data-image-description=\"\" data-medium-file=\"https:\/\/hannanieminen.fi\/wp-content\/uploads\/2024\/03\/Peonies-of-Paradise_2024_oljy-pellavalle_61x91-cm_Hanna-Nieminen-300x204.jpeg\" data-large-file=\"https:\/\/hannanieminen.fi\/wp-content\/uploads\/2024\/03\/Peonies-of-Paradise_2024_oljy-pellavalle_61x91-cm_Hanna-Nieminen.jpeg\" title=\"Peonies of Paradise_2024_\u00f6ljy pellavalle_61x91 cm_Hanna Nieminen\" width=\"150\" height=\"150\" src=\"https:\/\/hannanieminen.fi\/wp-content\/uploads\/2024\/03\/Peonies-of-Paradise_2024_oljy-pellavalle_61x91-cm_Hanna-Nieminen-150x150.jpeg\" class=\"attachment-thumbnail size-thumbnail\" alt=\"\" srcset=\"https:\/\/hannanieminen.fi\/wp-content\/uploads\/2024\/03\/Peonies-of-Paradise_2024_oljy-pellavalle_61x91-cm_Hanna-Nieminen-150x150.jpeg 150w, https:\/\/hannanieminen.fi\/wp-content\/uploads\/2024\/03\/Peonies-of-Paradise_2024_oljy-pellavalle_61x91-cm_Hanna-Nieminen-600x600.jpeg 600w\" sizes=\"(max-width: 150px) 100vw, 150px\" \/><\/a>\n\t\t\t<\/div><\/figure><figure class='gallery-item'>\n\t\t\t<div class='gallery-icon landscape'>\n\t\t\t\t<a data-elementor-open-lightbox=\"yes\" data-elementor-lightbox-slideshow=\"82ce6b6\" data-elementor-lightbox-title=\"Tulppaanit_90x120x2_Hanna Nieminen\" data-e-action-hash=\"#elementor-action%3Aaction%3Dlightbox%26settings%3DeyJpZCI6MzMsInVybCI6Imh0dHBzOlwvXC9oYW5uYW5pZW1pbmVuLmZpXC93cC1jb250ZW50XC91cGxvYWRzXC8yMDIzXC8wOVwvVHVscHBhYW5pdF85MHgxMjB4Ml9IYW5uYS1OaWVtaW5lbi5qcGVnIiwic2xpZGVzaG93IjoiODJjZTZiNiJ9\" href='https:\/\/hannanieminen.fi\/wp-content\/uploads\/2023\/09\/Tulppaanit_90x120x2_Hanna-Nieminen.jpeg'><img loading=\"lazy\" decoding=\"async\" data-attachment-id=\"33\" data-orig-file=\"https:\/\/hannanieminen.fi\/wp-content\/uploads\/2023\/09\/Tulppaanit_90x120x2_Hanna-Nieminen.jpeg\" data-orig-size=\"2305,1726\" data-comments-opened=\"1\" data-image-meta=\"{&quot;aperture&quot;:&quot;1.9&quot;,&quot;credit&quot;:&quot;&quot;,&quot;camera&quot;:&quot;SM-G920F&quot;,&quot;caption&quot;:&quot;&quot;,&quot;created_timestamp&quot;:&quot;1548014471&quot;,&quot;copyright&quot;:&quot;&quot;,&quot;focal_length&quot;:&quot;4.3&quot;,&quot;iso&quot;:&quot;200&quot;,&quot;shutter_speed&quot;:&quot;0.076923076923077&quot;,&quot;title&quot;:&quot;&quot;,&quot;orientation&quot;:&quot;1&quot;}\" data-image-title=\"Tulppaanit_90x120x2_Hanna Nieminen\" data-image-description=\"\" data-medium-file=\"https:\/\/hannanieminen.fi\/wp-content\/uploads\/2023\/09\/Tulppaanit_90x120x2_Hanna-Nieminen-300x225.jpeg\" data-large-file=\"https:\/\/hannanieminen.fi\/wp-content\/uploads\/2023\/09\/Tulppaanit_90x120x2_Hanna-Nieminen-1024x767.jpeg\" title=\"Tulppaanit_90x120x2_Hanna Nieminen\" width=\"150\" height=\"150\" src=\"https:\/\/hannanieminen.fi\/wp-content\/uploads\/2023\/09\/Tulppaanit_90x120x2_Hanna-Nieminen-150x150.jpeg\" class=\"attachment-thumbnail size-thumbnail\" alt=\"\" srcset=\"https:\/\/hannanieminen.fi\/wp-content\/uploads\/2023\/09\/Tulppaanit_90x120x2_Hanna-Nieminen-150x150.jpeg 150w, https:\/\/hannanieminen.fi\/wp-content\/uploads\/2023\/09\/Tulppaanit_90x120x2_Hanna-Nieminen-960x960.jpeg 960w, https:\/\/hannanieminen.fi\/wp-content\/uploads\/2023\/09\/Tulppaanit_90x120x2_Hanna-Nieminen-640x640.jpeg 640w, https:\/\/hannanieminen.fi\/wp-content\/uploads\/2023\/09\/Tulppaanit_90x120x2_Hanna-Nieminen-90x90.jpeg 90w\" sizes=\"(max-width: 150px) 100vw, 150px\" \/><\/a>\n\t\t\t<\/div><\/figure><figure class='gallery-item'>\n\t\t\t<div class='gallery-icon portrait'>\n\t\t\t\t<a data-elementor-open-lightbox=\"yes\" data-elementor-lightbox-slideshow=\"82ce6b6\" data-elementor-lightbox-title=\"Teekuppi_81x65x2_Hanna Nieminen_\" data-e-action-hash=\"#elementor-action%3Aaction%3Dlightbox%26settings%3DeyJpZCI6MzIsInVybCI6Imh0dHBzOlwvXC9oYW5uYW5pZW1pbmVuLmZpXC93cC1jb250ZW50XC91cGxvYWRzXC8yMDIzXC8wOVwvVGVla3VwcGlfODF4NjV4Ml9IYW5uYS1OaWVtaW5lbl8uanBlZyIsInNsaWRlc2hvdyI6IjgyY2U2YjYifQ%3D%3D\" href='https:\/\/hannanieminen.fi\/wp-content\/uploads\/2023\/09\/Teekuppi_81x65x2_Hanna-Nieminen_.jpeg'><img loading=\"lazy\" decoding=\"async\" data-attachment-id=\"32\" data-orig-file=\"https:\/\/hannanieminen.fi\/wp-content\/uploads\/2023\/09\/Teekuppi_81x65x2_Hanna-Nieminen_.jpeg\" data-orig-size=\"1186,1496\" data-comments-opened=\"1\" data-image-meta=\"{&quot;aperture&quot;:&quot;0&quot;,&quot;credit&quot;:&quot;&quot;,&quot;camera&quot;:&quot;&quot;,&quot;caption&quot;:&quot;&quot;,&quot;created_timestamp&quot;:&quot;1684777285&quot;,&quot;copyright&quot;:&quot;&quot;,&quot;focal_length&quot;:&quot;0&quot;,&quot;iso&quot;:&quot;0&quot;,&quot;shutter_speed&quot;:&quot;0&quot;,&quot;title&quot;:&quot;&quot;,&quot;orientation&quot;:&quot;0&quot;}\" data-image-title=\"Teekuppi_81x65x2_Hanna Nieminen_\" data-image-description=\"\" data-medium-file=\"https:\/\/hannanieminen.fi\/wp-content\/uploads\/2023\/09\/Teekuppi_81x65x2_Hanna-Nieminen_-238x300.jpeg\" data-large-file=\"https:\/\/hannanieminen.fi\/wp-content\/uploads\/2023\/09\/Teekuppi_81x65x2_Hanna-Nieminen_-812x1024.jpeg\" title=\"Teekuppi_81x65x2_Hanna Nieminen_\" width=\"150\" height=\"150\" src=\"https:\/\/hannanieminen.fi\/wp-content\/uploads\/2023\/09\/Teekuppi_81x65x2_Hanna-Nieminen_-150x150.jpeg\" class=\"attachment-thumbnail size-thumbnail\" alt=\"\" srcset=\"https:\/\/hannanieminen.fi\/wp-content\/uploads\/2023\/09\/Teekuppi_81x65x2_Hanna-Nieminen_-150x150.jpeg 150w, https:\/\/hannanieminen.fi\/wp-content\/uploads\/2023\/09\/Teekuppi_81x65x2_Hanna-Nieminen_-960x960.jpeg 960w, https:\/\/hannanieminen.fi\/wp-content\/uploads\/2023\/09\/Teekuppi_81x65x2_Hanna-Nieminen_-640x640.jpeg 640w, https:\/\/hannanieminen.fi\/wp-content\/uploads\/2023\/09\/Teekuppi_81x65x2_Hanna-Nieminen_-90x90.jpeg 90w\" sizes=\"(max-width: 150px) 100vw, 150px\" \/><\/a>\n\t\t\t<\/div><\/figure><figure class='gallery-item'>\n\t\t\t<div class='gallery-icon landscape'>\n\t\t\t\t<a data-elementor-open-lightbox=\"yes\" data-elementor-lightbox-slideshow=\"82ce6b6\" data-elementor-lightbox-title=\"849e43a1-c678-4d7f-8024-b00218c17036\" data-e-action-hash=\"#elementor-action%3Aaction%3Dlightbox%26settings%3DeyJpZCI6NTA3LCJ1cmwiOiJodHRwczpcL1wvaGFubmFuaWVtaW5lbi5maVwvd3AtY29udGVudFwvdXBsb2Fkc1wvMjAyNFwvMDNcLzg0OWU0M2ExLWM2NzgtNGQ3Zi04MDI0LWIwMDIxOGMxNzAzNi5qcGciLCJzbGlkZXNob3ciOiI4MmNlNmI2In0%3D\" href='https:\/\/hannanieminen.fi\/wp-content\/uploads\/2024\/03\/849e43a1-c678-4d7f-8024-b00218c17036.jpg'><img loading=\"lazy\" decoding=\"async\" data-attachment-id=\"507\" data-orig-file=\"https:\/\/hannanieminen.fi\/wp-content\/uploads\/2024\/03\/849e43a1-c678-4d7f-8024-b00218c17036.jpg\" data-orig-size=\"2048,1762\" data-comments-opened=\"1\" data-image-meta=\"{&quot;aperture&quot;:&quot;0&quot;,&quot;credit&quot;:&quot;&quot;,&quot;camera&quot;:&quot;&quot;,&quot;caption&quot;:&quot;&quot;,&quot;created_timestamp&quot;:&quot;1711109043&quot;,&quot;copyright&quot;:&quot;&quot;,&quot;focal_length&quot;:&quot;0&quot;,&quot;iso&quot;:&quot;0&quot;,&quot;shutter_speed&quot;:&quot;0&quot;,&quot;title&quot;:&quot;&quot;,&quot;orientation&quot;:&quot;1&quot;}\" data-image-title=\"849e43a1-c678-4d7f-8024-b00218c17036\" data-image-description=\"\" data-medium-file=\"https:\/\/hannanieminen.fi\/wp-content\/uploads\/2024\/03\/849e43a1-c678-4d7f-8024-b00218c17036-300x258.jpg\" data-large-file=\"https:\/\/hannanieminen.fi\/wp-content\/uploads\/2024\/03\/849e43a1-c678-4d7f-8024-b00218c17036-1024x881.jpg\" title=\"849e43a1-c678-4d7f-8024-b00218c17036\" width=\"150\" height=\"150\" src=\"https:\/\/hannanieminen.fi\/wp-content\/uploads\/2024\/03\/849e43a1-c678-4d7f-8024-b00218c17036-150x150.jpg\" class=\"attachment-thumbnail size-thumbnail\" alt=\"\" srcset=\"https:\/\/hannanieminen.fi\/wp-content\/uploads\/2024\/03\/849e43a1-c678-4d7f-8024-b00218c17036-150x150.jpg 150w, https:\/\/hannanieminen.fi\/wp-content\/uploads\/2024\/03\/849e43a1-c678-4d7f-8024-b00218c17036-600x600.jpg 600w\" sizes=\"(max-width: 150px) 100vw, 150px\" \/><\/a>\n\t\t\t<\/div><\/figure>\n\t\t<\/div>\n\t\t<\/div>\n\t\t\t\t<\/div>\n\t\t\t\t<\/div>\n\t\t\t\t\t<\/div>\n\t\t\t\t<\/div>\n\t\t\t\t<\/div>\n\t\t","protected":false},"excerpt":{"rendered":"","protected":false},"author":1,"featured_media":0,"parent":0,"menu_order":0,"comment_status":"closed","ping_status":"closed","template":"","meta":{"om_disable_all_campaigns":false,"_monsterinsights_skip_tracking":false,"_monsterinsights_sitenote_active":false,"_monsterinsights_sitenote_note":"","_monsterinsights_sitenote_category":0,"ocean_post_layout":"","ocean_both_sidebars_style":"","ocean_both_sidebars_content_width":0,"ocean_both_sidebars_sidebars_width":0,"ocean_sidebar":"","ocean_second_sidebar":"","ocean_disable_margins":"enable","ocean_add_body_class":"","ocean_shortcode_before_top_bar":"","ocean_shortcode_after_top_bar":"","ocean_shortcode_before_header":"","ocean_shortcode_after_header":"","ocean_has_shortcode":"","ocean_shortcode_after_title":"","ocean_shortcode_before_footer_widgets":"","ocean_shortcode_after_footer_widgets":"","ocean_shortcode_before_footer_bottom":"","ocean_shortcode_after_footer_bottom":"","ocean_display_top_bar":"default","ocean_display_header":"default","ocean_header_style":"","ocean_center_header_left_menu":"","ocean_custom_header_template":"","ocean_custom_logo":0,"ocean_custom_retina_logo":0,"ocean_custom_logo_max_width":0,"ocean_custom_logo_tablet_max_width":0,"ocean_custom_logo_mobile_max_width":0,"ocean_custom_logo_max_height":0,"ocean_custom_logo_tablet_max_height":0,"ocean_custom_logo_mobile_max_height":0,"ocean_header_custom_menu":"","ocean_menu_typo_font_family":"","ocean_menu_typo_font_subset":"","ocean_menu_typo_font_size":0,"ocean_menu_typo_font_size_tablet":0,"ocean_menu_typo_font_size_mobile":0,"ocean_menu_typo_font_size_unit":"px","ocean_menu_typo_font_weight":"","ocean_menu_typo_font_weight_tablet":"","ocean_menu_typo_font_weight_mobile":"","ocean_menu_typo_transform":"","ocean_menu_typo_transform_tablet":"","ocean_menu_typo_transform_mobile":"","ocean_menu_typo_line_height":0,"ocean_menu_typo_line_height_tablet":0,"ocean_menu_typo_line_height_mobile":0,"ocean_menu_typo_line_height_unit":"","ocean_menu_typo_spacing":0,"ocean_menu_typo_spacing_tablet":0,"ocean_menu_typo_spacing_mobile":0,"ocean_menu_typo_spacing_unit":"","ocean_menu_link_color":"","ocean_menu_link_color_hover":"","ocean_menu_link_color_active":"","ocean_menu_link_background":"","ocean_menu_link_hover_background":"","ocean_menu_link_active_background":"","ocean_menu_social_links_bg":"","ocean_menu_social_hover_links_bg":"","ocean_menu_social_links_color":"","ocean_menu_social_hover_links_color":"","ocean_disable_title":"default","ocean_disable_heading":"default","ocean_post_title":"","ocean_post_subheading":"","ocean_post_title_style":"","ocean_post_title_background_color":"","ocean_post_title_background":0,"ocean_post_title_bg_image_position":"","ocean_post_title_bg_image_attachment":"","ocean_post_title_bg_image_repeat":"","ocean_post_title_bg_image_size":"","ocean_post_title_height":0,"ocean_post_title_bg_overlay":0.5,"ocean_post_title_bg_overlay_color":"","ocean_disable_breadcrumbs":"default","ocean_breadcrumbs_color":"","ocean_breadcrumbs_separator_color":"","ocean_breadcrumbs_links_color":"","ocean_breadcrumbs_links_hover_color":"","ocean_display_footer_widgets":"default","ocean_display_footer_bottom":"default","ocean_custom_footer_template":"","footnotes":""},"class_list":["post-275","page","type-page","status-publish","hentry","entry"],"aioseo_notices":[],"_links":{"self":[{"href":"https:\/\/hannanieminen.fi\/index.php\/wp-json\/wp\/v2\/pages\/275","targetHints":{"allow":["GET"]}}],"collection":[{"href":"https:\/\/hannanieminen.fi\/index.php\/wp-json\/wp\/v2\/pages"}],"about":[{"href":"https:\/\/hannanieminen.fi\/index.php\/wp-json\/wp\/v2\/types\/page"}],"author":[{"embeddable":true,"href":"https:\/\/hannanieminen.fi\/index.php\/wp-json\/wp\/v2\/users\/1"}],"replies":[{"embeddable":true,"href":"https:\/\/hannanieminen.fi\/index.php\/wp-json\/wp\/v2\/comments?post=275"}],"version-history":[{"count":13,"href":"https:\/\/hannanieminen.fi\/index.php\/wp-json\/wp\/v2\/pages\/275\/revisions"}],"predecessor-version":[{"id":524,"href":"https:\/\/hannanieminen.fi\/index.php\/wp-json\/wp\/v2\/pages\/275\/revisions\/524"}],"wp:attachment":[{"href":"https:\/\/hannanieminen.fi\/index.php\/wp-json\/wp\/v2\/media?parent=275"}],"curies":[{"name":"wp","href":"https:\/\/api.w.org\/{rel}","templated":true}]}}